te the remainder when r is divided by 21.
19
What is the remainder when 118 is divided by ((-60)/(-16))/(21/(-12) + 2)?
13
Let y be (9/(-6))/(3/(-4)). Let f(d) = 5*d - 2. Calculate the remainder when 31 is divided by f(y).
7
Suppose 0 = 3*n - 3*h - 372, -3*n = -5*h - 103 - 273. Calculate the remainder when n is divided by 25.
22
Suppose -5*u = 19 - 49. Calculate the remainder when (-5)/(-15)*-2*126/(-4) is divided by u.
3
Let d = 95 - 85. Let s(u) = 5*u + 4. Let y be s(3). Suppose 3*z + 23 = v - y, 4*z - 88 = -4*v. Calculate the remainder when v is divided by d.
7
Suppose -v = 3*f - 5*v - 13, 2 = 2*f + 4*v. Suppose 0*o + f*o + 2*s = 46, 5*s = o + 13. What is the remainder when 34 is divided by o?
10
Suppose 3*l + 3 = -4*t - 2, 3*t + 11 = 5*l. Suppose -2*b - 6 + 8 = 0. What is the remainder when b is divided by l?
0
Let l(h) = -h**2 + 14*h - 3. Calculate the remainder when l(11) is divided by 8.
6
Let j = 54 + -14. Calculate the remainder when 19*(-1 - -2)*2 is divided by ((-26)/5)/((-16)/j).
12
Let y = 59 + 20. Let k(x) = -10*x - 3. What is the remainder when y is divided by k(-3)?
25
Let c(v) = -9*v**2 + 12*v - 5. Let b(g) = -8*g**2 + 11*g - 4. Let t(y) = -7*b(y) + 6*c(y). Calculate the remainder when 29 is divided by t(4).
9
Suppose 3*r = -r + 68. What is the remainder when r is divided by 6?
5
Let n = -3 - -10. What is the remainder when 19 is divided by n?
5
Suppose f + 0*f - 66 = 0. Let o = 103 - f. Suppose 0 = -j - 0*j + o. Calculate the remainder when j is divided by 13.
11
Suppose 2*h - 1 = -3*g + 6, 4*h + 4*g = 16. Suppose -33 + 4 = -3*i + u, -55 = -5*i - h*u. Calculate the remainder when 19 is divided by i.
9
Let c(g) = 19*g**2 + 4*g - 6. Calculate the remainder when c(2) is divided by 27.
24
Let t(o) = 2*o**3 - 7*o**2 - 5. Suppose 3*c + 5*a = 3*a + 133, 3*a = 5*c - 209. Calculate the remainder when c is divided by t(4).
10
Suppose 0 = c - 3*n - 0 - 1, 5*n - 20 = 0. What is the remainder when 23 is divided by c?
10
What is the remainder when (-749)/(-9) - 18/81 is divided by 21?
20
Suppose -5*q - 4*q = -162. What is the remainder when q is divided by 4?
2
Suppose -4*m = -4*j + 52, -4*m + j + 31 = -7*m. Let y = 16 + m. Suppose 0 = -y*d + 38 + 187. What is the remainder when d is divided by 12?
9
Let y(l) = -l**2 - 11*l - 10. Calculate the remainder when 102 is divided by y(-9).
6
Let f(v) = v + 3. Let a be f(-6). What is the remainder when (-4)/a*129/2 is divided by 22?
20
Let a be (-1)/(-1) - (1 + -36). Suppose -3*o + 54 = -a. Calculate the remainder when o is divided by 8.
6
Suppose -3*g + 4*k = -291 - 298, -4*k + 191 = g. Suppose -g = -5*q - 20. Calculate the remainder when q is divided by 9.
8
Let a(o) = o**3 - 22*o**2 - 22*o + 7. What is the remainder when 88 is divided by a(23)?
28
Let k(p) = 3*p + 1. Suppose 5*v - 44 = -4. Calculate the remainder when k(7) is divided by v.
6
Let f(o) = 1 - 3 + 13 + o. Let l be f(-6). Suppose -3*a = -5*a + 4*n + 84, -156 = -4*a + l*n. What is the remainder when a is divided by 18?
16
Let w(u) = u**3 + 7*u**2 + u - 5. Suppose x - 1 = -7. Let v be w(x). Suppose 4*y = 99 + v. What is the remainder when y is divided by 11?
9
Suppose 3*x - 11 = -2*b, 9 = 3*x + 3*b - 0. Let q(g) = 3*g. Let o be q(-7). Calculate the remainder when o/28*2*-6 is divided by x.
4
Let o = -5 - -9. Suppose 0 = 2*z - 3*a - 32, -5*a = 2*z - 0*a. Calculate the remainder when (-19)/o*(-3 + -1) is divided by z.
9
Let v(z) be the third derivative of z**4/12 - 4*z**3/3 - z**2. Calculate the remainder when 13 is divided by v(6).
1
Let t(z) = -z**3 - 18*z**2 - z + 1. What is the remainder when 54 is divided by t(-18)?
16
Suppose -144 = -6*u + 2*u. What is the remainder when u is divided by (-896)/(-96) - (-4)/6?
6
Let s(b) = -b**3 + b + 34. Calculate the remainder when s(0) is divided by 9.
7
Suppose -4*l = -5*v + 7, 0*v = -4*v + 12. Suppose 0*w - 26 = -l*w. Calculate the remainder when -4 + (-3)/(-1) - -38 is divided by w.
11
Let o = 94 + -74. Let a = 17 + 22. What is the remainder when a is divided by o?
19
Let f = 146 + -70. Calculate the remainder when f is divided by 17.
8
Let o(d) = -4 - 3*d - 7*d - d**2 + 2*d. What is the remainder when 7 is divided by o(-7)?
1
Suppose 0 = -2*b + 4*f + 14, 0 = -b + f + 5 + 4. Let q = -3 + 7. Calculate the remainder when b is divided by q.
3
Let x be ((-4)/(-6))/((-2)/(-3)). Let n = x + 2. What is the remainder when n is divided by (4/5)/((-2)/(-5))?
1
Suppose -4*w + 134 + 38 = 0. What is the remainder when w is divided by 15?
13
Suppose k = -2*k + 12. What is the remainder when 7 is divided by k?
3
Let j be 46*(-2 - (-21)/6). Let w = j - 22. Suppose -5*g - w = -2*f - 2*f, 3*g + 10 = f. What is the remainder when 49 is divided by f?
10
Let t(m) = 3*m + 3*m**2 + 2*m - 4*m - 1. Suppose c - 2 = -4. What is the remainder when 25 is divided by t(c)?
7
Let m(k) = -6*k. What is the remainder when m(-5) is divided by (25 - 7) + (-4 - -3)?
13
Let o(k) = k + 9. What is the remainder when 32 is divided by o(-3)?
2
Let p(m) = -m + 10. What is the remainder when 48 is divided by p(0)?
8
Let u(i) = -4*i**2 + 10*i + 1. Let h be u(7). Calculate the remainder when 44 is divided by (12/10)/((-10)/h).
14
Let g = 21 - 10. Calculate the remainder when g is divided by 5.
1
Let k(m) = -6*m - 4. What is the remainder when 54 is divided by k(-3)?
12
Let l(x) be the first derivative of x**3/3 - 7*x**2 + 9*x + 5. What is the remainder when 25 is divided by l(14)?
7
Let j = 31 + -9. Calculate the remainder when j is divided by 16*(3/(-2) + 2).
6
Let l = 3 + -3. Suppose 2*s - 4 = 4. Suppose 4*v - 3*b = 2*b + 43, -3*v - s*b + 9 = l. Calculate the remainder when 13 is divided by v.
6
Let j = -142 - -175. What is the remainder when 63 is divided by j?
30
What is the remainder when (-3)/4 - (-295)/20 is divided by 8?
6
Let a(n) = 2*n**3 - 3*n**2 + 2. Let k be a(2). Let c = k - -10. What is the remainder when 31 is divided by c?
15
Suppose -4*v + 33 = -0*v - 5*g, g + 5 = 0. Suppose v*t - 20 = 6*t, 4*s + 5*t = 51. Calculate the remainder when 492/9 - 3/(-9) is divided by s.
17
Let a = 191 - 122. Calculate the remainder when a is divided by 14.
13
Suppose 2*y - 1 = 21. Let m = y + 1. Calculate the remainder when 22 is divided by m.
10
Let h = 52 - 28. What is the remainder when 71 is divided by h?
23
Suppose -3*k + 30 = 9. Suppose -p - 28 = -5*p. Let f = 11 - p. What is the remainder when k is divided by f?
3
Let r = -6 - -24. Calculate the remainder when 47 is divided by r.
11
Suppose 2*o - 34 = -0*o. Let d = 25 - o. Let j = 10 - d. What is the remainder when 6 is divided by j?
0
Let i(b) = b + 6. Calculate the remainder when i(6) is divided by 3.
0
Let i(p) = 3*p**2 - 5*p - 1. Let f be i(-4). Let d = f + -37. Suppose d + 5 = l. Calculate the remainder when l is divided by 18.
17
Suppose -r - 2*r + 2*j - 25 = 0, 5*j + 50 = -5*r. Calculate the remainder when ((-24)/9)/(3/r) is divided by 26/8 - (-2)/(-8).
2
Let t = -280 + 79. Let f = -135 - t. What is the remainder when f is divided by 17?
15
Let p(o) = 3 - 7 + 8*o + 3. What is the remainder when 19 is divided by p(1)?
5
Let a be 4 - ((-2 - 0) + 1). Suppose -a*f + 68 = -4*r + 5, 5*f - 2*r - 69 = 0. Calculate the remainder when f is divided by 8.
7
Let w = 3 - 0. Let y(x) = x**3 + 10*x**2 + 9*x - 4. Let m be y(-9). Calculate the remainder when w is divided by (-2)/m*-1*-4.
1
Let f(z) be the second derivative of 0 + z + 1/6*z**4 - z**3 - 3*z**2. What is the remainder when 26 is divided by f(5)?
12
Let v(p) = -2*p**3 - 3*p**2 + p - 3. Let h be v(-3). Let b = -30 + h. Let r(y) = y**3 + 8*y**2 - 10*y + 4. What is the remainder when r(b) is divided by 5?
3
Suppose 0 + 5 = i. Calculate the remainder when 65 is divided by ((-11)/3)/(i/(-30)).
21
Suppose -75 = -2*d + 2*z + 123, -4*z - 102 = -d. What is the remainder when d is divided by 25?
23
Suppose 19 = 4*v - 45. Calculate the remainder when 61 is divided by v.
13
Let s = 19 - 14. What is the remainder when 32 is divided by s?
2
Let u(a) = -a**2 - 15*a + 18. Calculate the remainder when u(-14) is divided by 2*(26/4 + -1).
10
Let n = -5 - -11. Let p = -2 - -4. What is the remainder when (p/(-4))/((-6)/120) is divided by n?
4
Let f(s) = s**2 - 5*s + 14. Suppose -5*r = g - 38, 5*r - 2*g = 34 + 10. Calculate the remainder when f(6) is